{"id":10127,"date":"2021-08-02T10:45:07","date_gmt":"2021-08-02T10:45:07","guid":{"rendered":"http:\/\/oygib.az\/turkiyedestek\/?page_id=10127"},"modified":"2021-08-02T17:18:14","modified_gmt":"2021-08-02T17:18:14","slug":"m%c9%99qs%c9%99d","status":"publish","type":"page","link":"https:\/\/oygib.az\/tabiat\/m%c9%99qs%c9%99d\/","title":{"rendered":"M\u0259qs\u0259d"},"content":{"rendered":"<p><span style=\"font-weight: 400;\">T\u00fcrkiy\u0259 Az\u0259rbaycan Birliyinin \u0130nki\u015faf\u0131 Ad\u0131na A\u011facdikme Te\u015febb\u00fcs\u00fc (TAB\u0130AT) T\u00fcrkiy\u0259 Respublikas\u0131 \u0259razisind\u0259\u00a0 28 iyul 2021-ci il tarixind\u0259n etibar\u0259n ba\u015flayan me\u015f\u0259 yan\u011f\u0131nlar\u0131n\u0131n n\u0259tic\u0259l\u0259rinin aradan qald\u0131r\u0131lmas\u0131 m\u0259qs\u0259dil\u0259 ba\u015flad\u0131lm\u0131\u015fd\u0131r.\u00a0<\/span><\/p>\n<p><span style=\"font-weight: 400;\">H\u0259r\u0259kat\u0131n \u0259sas missiyas\u0131: \u00d6lk\u0259mizin i\u015f\u011faldan azad edilmi\u015f torpaqlar\u0131n\u0131n h\u0259r qar\u0131\u015f\u0131nda T\u00fcrkiy\u0259nin izi oldu\u011fu kimi , qarda\u015f \u00f6lk\u0259nin yanm\u0131\u015f me\u015f\u0259l\u0259rinin b\u0259rpas\u0131nda da Az\u0259rbaycan\u0131n izinin olmas\u0131d\u0131r.\u00a0\u00a0<\/span><\/p>\n<p><span style=\"font-weight: 400;\">TAB\u0130AT iki \u00f6lk\u0259 aras\u0131nda m\u00f6vcud dostluq v\u0259 qarda\u015fl\u0131q m\u00fcnasib\u0259tl\u0259rin\u0259 s\u00f6yk\u0259n\u0259n bir h\u0259r\u0259katd\u0131r. Ba\u015flad\u0131lm\u0131\u015f h\u0259r\u0259kat \u00e7\u0259r\u00e7iv\u0259sind\u0259 T\u00fcrkiy\u0259nin yanm\u0131\u015f me\u015f\u0259 zolaqlar\u0131nda<\/span> <span style=\"font-weight: 400;\">TAB\u0130AT me\u015f\u0259l\u0259ri t\u0259sis edil\u0259c\u0259k.\u00a0<\/span><\/p>\n<p><span style=\"font-weight: 400;\">Bir \u015f\u0259h\u0259r\u00a0 \u00fc\u00e7\u00fcn n\u0259z\u0259rd\u0259 tutulan me\u015f\u0259 zola\u011f\u0131n\u0131n \u0259razisi minimum 15 kektar olaraq n\u0259z\u0259rd\u0259 tutulur. \u0130lkin hesablamalara \u0259sas\u0259n 1 hektar \u00fc\u00e7\u00fcn \u0259kilm\u0259si n\u0259z\u0259rd\u0259 tutulan a\u011fac say\u0131 2000 a\u011facd\u0131r. Bir a\u011fac \u00fc\u00e7\u00fcn 2 AZN (10 TL) m\u0259bl\u0259\u011f n\u0259z\u0259rd\u0259 tutulur.\u00a0\u00a0<\/span><\/p>\n<p><span style=\"font-weight: 400;\">M\u0259lumat \u00fc\u00e7\u00fcn\u00a0 qeyd ed\u0259k ki, bu g\u00fcnk\u00fc m\u0259lumatlara \u0259sas\u0259n \u00fcmumilikd\u0259 T\u00fcrkiy\u0259d\u0259 35 \u015f\u0259h\u0259rd\u0259\u00a0 129 yan\u011f\u0131n hadis\u0259si ba\u015f verib.\u00a0<\/span><\/p>\n<p><span style=\"font-weight: 400;\">H\u0259r\u0259kat \u201cOdlar Yurdu\u201d G\u0259ncl\u0259r \u0130ctimai Birliyinin t\u0259\u015f\u0259bb\u00fcs\u00fc il\u0259\u00a0 3 avqustdan etibar\u0259n ba\u015flay\u0131r v\u0259 3 ay m\u00fcdd\u0259tind\u0259 davam ed\u0259c\u0259kdir. Toplanan m\u0259bl\u0259\u011fin idar\u0259olunmas\u0131 v\u0259 istifad\u0259si \u015f\u0259ffaf \u015f\u0259kild\u0259 ictimaiyy\u0259t\u0259 periodik hesabatlar \u015f\u0259klind\u0259 t\u0259qdim edil\u0259c\u0259k. <\/span><\/p>\n","protected":false},"excerpt":{"rendered":"<p>T\u00fcrkiy\u0259 Az\u0259rbaycan Birliyinin \u0130nki\u015faf\u0131 Ad\u0131na A\u011facdikme Te\u015febb\u00fcs\u00fc (TAB\u0130AT) T\u00fcrkiy\u0259 Respublikas\u0131 \u0259razisind\u0259\u00a0 28 iyul 2021-ci il tarixind\u0259n etibar\u0259n ba\u015flayan me\u015f\u0259 yan\u011f\u0131nlar\u0131n\u0131n n\u0259tic\u0259l\u0259rinin aradan qald\u0131r\u0131lmas\u0131 m\u0259qs\u0259dil\u0259 ba\u015flad\u0131lm\u0131\u015fd\u0131r.\u00a0 H\u0259r\u0259kat\u0131n \u0259sas missiyas\u0131: \u00d6lk\u0259mizin i\u015f\u011faldan azad edilmi\u015f torpaqlar\u0131n\u0131n h\u0259r qar\u0131\u015f\u0131nda T\u00fcrkiy\u0259nin izi oldu\u011fu kimi , qarda\u015f \u00f6lk\u0259nin yanm\u0131\u015f me\u015f\u0259l\u0259rinin b\u0259rpas\u0131nda da Az\u0259rbaycan\u0131n izinin olmas\u0131d\u0131r.\u00a0\u00a0 TAB\u0130AT iki \u00f6lk\u0259 aras\u0131nda m\u00f6vcud dostluq &#8230;<\/p>\n","protected":false},"author":1,"featured_media":0,"parent":0,"menu_order":0,"comment_status":"closed","ping_status":"closed","template":"","meta":[],"yoast_head":"<!-- This site is optimized with the Yoast SEO plugin v17.4 - https:\/\/yoast.com\/wordpress\/plugins\/seo\/ -->\n<title>M\u0259qs\u0259d - T\u00fcrkiy\u0259 Az\u0259rbaycan Birliyinin \u0130nki\u015faf\u0131 Ad\u0131na A\u011fac\u0259km\u0259 T\u0259\u015f\u0259bb\u00fcs\u00fc H\u0259r\u0259kat\u0131<\/title>\n<meta name=\"robots\" content=\"index, follow, max-snippet:-1, max-image-preview:large, max-video-preview:-1\" \/>\n<link rel=\"canonical\" href=\"https:\/\/oygib.az\/tabiat\/m\u0259qs\u0259d\/\" \/>\n<meta property=\"og:locale\" content=\"en_US\" \/>\n<meta property=\"og:type\" content=\"article\" \/>\n<meta property=\"og:title\" content=\"M\u0259qs\u0259d - T\u00fcrkiy\u0259 Az\u0259rbaycan Birliyinin \u0130nki\u015faf\u0131 Ad\u0131na A\u011fac\u0259km\u0259 T\u0259\u015f\u0259bb\u00fcs\u00fc H\u0259r\u0259kat\u0131\" \/>\n<meta property=\"og:description\" content=\"T\u00fcrkiy\u0259 Az\u0259rbaycan Birliyinin \u0130nki\u015faf\u0131 Ad\u0131na A\u011facdikme Te\u015febb\u00fcs\u00fc (TAB\u0130AT) T\u00fcrkiy\u0259 Respublikas\u0131 \u0259razisind\u0259\u00a0 28 iyul 2021-ci il tarixind\u0259n etibar\u0259n ba\u015flayan me\u015f\u0259 yan\u011f\u0131nlar\u0131n\u0131n n\u0259tic\u0259l\u0259rinin aradan qald\u0131r\u0131lmas\u0131 m\u0259qs\u0259dil\u0259 ba\u015flad\u0131lm\u0131\u015fd\u0131r.\u00a0 H\u0259r\u0259kat\u0131n \u0259sas missiyas\u0131: \u00d6lk\u0259mizin i\u015f\u011faldan azad edilmi\u015f torpaqlar\u0131n\u0131n h\u0259r qar\u0131\u015f\u0131nda T\u00fcrkiy\u0259nin izi oldu\u011fu kimi , qarda\u015f \u00f6lk\u0259nin yanm\u0131\u015f me\u015f\u0259l\u0259rinin b\u0259rpas\u0131nda da Az\u0259rbaycan\u0131n izinin olmas\u0131d\u0131r.\u00a0\u00a0 TAB\u0130AT iki \u00f6lk\u0259 aras\u0131nda m\u00f6vcud dostluq ...\" \/>\n<meta property=\"og:url\" content=\"https:\/\/oygib.az\/tabiat\/m\u0259qs\u0259d\/\" \/>\n<meta property=\"og:site_name\" content=\"T\u00fcrkiy\u0259 Az\u0259rbaycan Birliyinin \u0130nki\u015faf\u0131 Ad\u0131na A\u011fac\u0259km\u0259 T\u0259\u015f\u0259bb\u00fcs\u00fc H\u0259r\u0259kat\u0131\" \/>\n<meta property=\"article:publisher\" content=\"https:\/\/www.facebook.com\/odlaryurduyouth\" \/>\n<meta property=\"article:modified_time\" content=\"2021-08-02T17:18:14+00:00\" \/>\n<meta property=\"og:image\" content=\"https:\/\/oygib.az\/tabiat\/wp-content\/uploads\/2021\/08\/photo5208807290457666677.jpg\" \/>\n\t<meta property=\"og:image:width\" content=\"1280\" \/>\n\t<meta property=\"og:image:height\" content=\"1280\" \/>\n<meta name=\"twitter:card\" content=\"summary_large_image\" \/>\n<meta name=\"twitter:label1\" content=\"Est. reading time\" \/>\n\t<meta name=\"twitter:data1\" content=\"1 minute\" \/>\n<script type=\"application\/ld+json\" class=\"yoast-schema-graph\">{\"@context\":\"https:\/\/schema.org\",\"@graph\":[{\"@type\":\"Organization\",\"@id\":\"https:\/\/oygib.az\/tabiat\/#organization\",\"name\":\"TAB\\u0130AT H\\u0259r\\u0259kat\\u0131\",\"url\":\"https:\/\/oygib.az\/tabiat\/\",\"sameAs\":[\"https:\/\/www.facebook.com\/odlaryurduyouth\",\"https:\/\/www.instagram.com\/odlaryurduyouth\/\"],\"logo\":{\"@type\":\"ImageObject\",\"@id\":\"https:\/\/oygib.az\/tabiat\/#logo\",\"inLanguage\":\"en-US\",\"url\":\"https:\/\/oygib.az\/tabiat\/wp-content\/uploads\/2021\/08\/photo5208807290457666677.jpg\",\"contentUrl\":\"https:\/\/oygib.az\/tabiat\/wp-content\/uploads\/2021\/08\/photo5208807290457666677.jpg\",\"width\":1280,\"height\":1280,\"caption\":\"TAB\\u0130AT H\\u0259r\\u0259kat\\u0131\"},\"image\":{\"@id\":\"https:\/\/oygib.az\/tabiat\/#logo\"}},{\"@type\":\"WebSite\",\"@id\":\"https:\/\/oygib.az\/tabiat\/#website\",\"url\":\"https:\/\/oygib.az\/tabiat\/\",\"name\":\"T\\u00fcrkiy\\u0259 Az\\u0259rbaycan Birliyinin \\u0130nki\\u015faf\\u0131 Ad\\u0131na A\\u011fac\\u0259km\\u0259 T\\u0259\\u015f\\u0259bb\\u00fcs\\u00fc H\\u0259r\\u0259kat\\u0131\",\"description\":\"T\\u00fcrkiy\\u0259y\\u0259 d\\u0259st\\u0259k Platformas\\u0131\",\"publisher\":{\"@id\":\"https:\/\/oygib.az\/tabiat\/#organization\"},\"potentialAction\":[{\"@type\":\"SearchAction\",\"target\":{\"@type\":\"EntryPoint\",\"urlTemplate\":\"https:\/\/oygib.az\/tabiat\/?s={search_term_string}\"},\"query-input\":\"required name=search_term_string\"}],\"inLanguage\":\"en-US\"},{\"@type\":\"WebPage\",\"@id\":\"https:\/\/oygib.az\/tabiat\/m%c9%99qs%c9%99d\/#webpage\",\"url\":\"https:\/\/oygib.az\/tabiat\/m%c9%99qs%c9%99d\/\",\"name\":\"M\\u0259qs\\u0259d - T\\u00fcrkiy\\u0259 Az\\u0259rbaycan Birliyinin \\u0130nki\\u015faf\\u0131 Ad\\u0131na A\\u011fac\\u0259km\\u0259 T\\u0259\\u015f\\u0259bb\\u00fcs\\u00fc H\\u0259r\\u0259kat\\u0131\",\"isPartOf\":{\"@id\":\"https:\/\/oygib.az\/tabiat\/#website\"},\"datePublished\":\"2021-08-02T10:45:07+00:00\",\"dateModified\":\"2021-08-02T17:18:14+00:00\",\"breadcrumb\":{\"@id\":\"https:\/\/oygib.az\/tabiat\/m%c9%99qs%c9%99d\/#breadcrumb\"},\"inLanguage\":\"en-US\",\"potentialAction\":[{\"@type\":\"ReadAction\",\"target\":[\"https:\/\/oygib.az\/tabiat\/m%c9%99qs%c9%99d\/\"]}]},{\"@type\":\"BreadcrumbList\",\"@id\":\"https:\/\/oygib.az\/tabiat\/m%c9%99qs%c9%99d\/#breadcrumb\",\"itemListElement\":[{\"@type\":\"ListItem\",\"position\":1,\"name\":\"Home\",\"item\":\"https:\/\/oygib.az\/tabiat\/\"},{\"@type\":\"ListItem\",\"position\":2,\"name\":\"M\\u0259qs\\u0259d\"}]}]}<\/script>\n<!-- \/ Yoast SEO plugin. -->","yoast_head_json":{"title":"M\u0259qs\u0259d - T\u00fcrkiy\u0259 Az\u0259rbaycan Birliyinin \u0130nki\u015faf\u0131 Ad\u0131na A\u011fac\u0259km\u0259 T\u0259\u015f\u0259bb\u00fcs\u00fc H\u0259r\u0259kat\u0131","robots":{"index":"index","follow":"follow","max-snippet":"max-snippet:-1","max-image-preview":"max-image-preview:large","max-video-preview":"max-video-preview:-1"},"canonical":"https:\/\/oygib.az\/tabiat\/m\u0259qs\u0259d\/","og_locale":"en_US","og_type":"article","og_title":"M\u0259qs\u0259d - T\u00fcrkiy\u0259 Az\u0259rbaycan Birliyinin \u0130nki\u015faf\u0131 Ad\u0131na A\u011fac\u0259km\u0259 T\u0259\u015f\u0259bb\u00fcs\u00fc H\u0259r\u0259kat\u0131","og_description":"T\u00fcrkiy\u0259 Az\u0259rbaycan Birliyinin \u0130nki\u015faf\u0131 Ad\u0131na A\u011facdikme Te\u015febb\u00fcs\u00fc (TAB\u0130AT) T\u00fcrkiy\u0259 Respublikas\u0131 \u0259razisind\u0259\u00a0 28 iyul 2021-ci il tarixind\u0259n etibar\u0259n ba\u015flayan me\u015f\u0259 yan\u011f\u0131nlar\u0131n\u0131n n\u0259tic\u0259l\u0259rinin aradan qald\u0131r\u0131lmas\u0131 m\u0259qs\u0259dil\u0259 ba\u015flad\u0131lm\u0131\u015fd\u0131r.\u00a0 H\u0259r\u0259kat\u0131n \u0259sas missiyas\u0131: \u00d6lk\u0259mizin i\u015f\u011faldan azad edilmi\u015f torpaqlar\u0131n\u0131n h\u0259r qar\u0131\u015f\u0131nda T\u00fcrkiy\u0259nin izi oldu\u011fu kimi , qarda\u015f \u00f6lk\u0259nin yanm\u0131\u015f me\u015f\u0259l\u0259rinin b\u0259rpas\u0131nda da Az\u0259rbaycan\u0131n izinin olmas\u0131d\u0131r.\u00a0\u00a0 TAB\u0130AT iki \u00f6lk\u0259 aras\u0131nda m\u00f6vcud dostluq ...","og_url":"https:\/\/oygib.az\/tabiat\/m\u0259qs\u0259d\/","og_site_name":"T\u00fcrkiy\u0259 Az\u0259rbaycan Birliyinin \u0130nki\u015faf\u0131 Ad\u0131na A\u011fac\u0259km\u0259 T\u0259\u015f\u0259bb\u00fcs\u00fc H\u0259r\u0259kat\u0131","article_publisher":"https:\/\/www.facebook.com\/odlaryurduyouth","article_modified_time":"2021-08-02T17:18:14+00:00","og_image":[{"width":1280,"height":1280,"url":"https:\/\/oygib.az\/tabiat\/wp-content\/uploads\/2021\/08\/photo5208807290457666677.jpg","type":"image\/jpeg"}],"twitter_card":"summary_large_image","twitter_misc":{"Est. reading time":"1 minute"},"schema":{"@context":"https:\/\/schema.org","@graph":[{"@type":"Organization","@id":"https:\/\/oygib.az\/tabiat\/#organization","name":"TAB\u0130AT H\u0259r\u0259kat\u0131","url":"https:\/\/oygib.az\/tabiat\/","sameAs":["https:\/\/www.facebook.com\/odlaryurduyouth","https:\/\/www.instagram.com\/odlaryurduyouth\/"],"logo":{"@type":"ImageObject","@id":"https:\/\/oygib.az\/tabiat\/#logo","inLanguage":"en-US","url":"https:\/\/oygib.az\/tabiat\/wp-content\/uploads\/2021\/08\/photo5208807290457666677.jpg","contentUrl":"https:\/\/oygib.az\/tabiat\/wp-content\/uploads\/2021\/08\/photo5208807290457666677.jpg","width":1280,"height":1280,"caption":"TAB\u0130AT H\u0259r\u0259kat\u0131"},"image":{"@id":"https:\/\/oygib.az\/tabiat\/#logo"}},{"@type":"WebSite","@id":"https:\/\/oygib.az\/tabiat\/#website","url":"https:\/\/oygib.az\/tabiat\/","name":"T\u00fcrkiy\u0259 Az\u0259rbaycan Birliyinin \u0130nki\u015faf\u0131 Ad\u0131na A\u011fac\u0259km\u0259 T\u0259\u015f\u0259bb\u00fcs\u00fc H\u0259r\u0259kat\u0131","description":"T\u00fcrkiy\u0259y\u0259 d\u0259st\u0259k Platformas\u0131","publisher":{"@id":"https:\/\/oygib.az\/tabiat\/#organization"},"potentialAction":[{"@type":"SearchAction","target":{"@type":"EntryPoint","urlTemplate":"https:\/\/oygib.az\/tabiat\/?s={search_term_string}"},"query-input":"required name=search_term_string"}],"inLanguage":"en-US"},{"@type":"WebPage","@id":"https:\/\/oygib.az\/tabiat\/m%c9%99qs%c9%99d\/#webpage","url":"https:\/\/oygib.az\/tabiat\/m%c9%99qs%c9%99d\/","name":"M\u0259qs\u0259d - T\u00fcrkiy\u0259 Az\u0259rbaycan Birliyinin \u0130nki\u015faf\u0131 Ad\u0131na A\u011fac\u0259km\u0259 T\u0259\u015f\u0259bb\u00fcs\u00fc H\u0259r\u0259kat\u0131","isPartOf":{"@id":"https:\/\/oygib.az\/tabiat\/#website"},"datePublished":"2021-08-02T10:45:07+00:00","dateModified":"2021-08-02T17:18:14+00:00","breadcrumb":{"@id":"https:\/\/oygib.az\/tabiat\/m%c9%99qs%c9%99d\/#breadcrumb"},"inLanguage":"en-US","potentialAction":[{"@type":"ReadAction","target":["https:\/\/oygib.az\/tabiat\/m%c9%99qs%c9%99d\/"]}]},{"@type":"BreadcrumbList","@id":"https:\/\/oygib.az\/tabiat\/m%c9%99qs%c9%99d\/#breadcrumb","itemListElement":[{"@type":"ListItem","position":1,"name":"Home","item":"https:\/\/oygib.az\/tabiat\/"},{"@type":"ListItem","position":2,"name":"M\u0259qs\u0259d"}]}]}},"_links":{"self":[{"href":"https:\/\/oygib.az\/tabiat\/wp-json\/wp\/v2\/pages\/10127"}],"collection":[{"href":"https:\/\/oygib.az\/tabiat\/wp-json\/wp\/v2\/pages"}],"about":[{"href":"https:\/\/oygib.az\/tabiat\/wp-json\/wp\/v2\/types\/page"}],"author":[{"embeddable":true,"href":"https:\/\/oygib.az\/tabiat\/wp-json\/wp\/v2\/users\/1"}],"replies":[{"embeddable":true,"href":"https:\/\/oygib.az\/tabiat\/wp-json\/wp\/v2\/comments?post=10127"}],"version-history":[{"count":7,"href":"https:\/\/oygib.az\/tabiat\/wp-json\/wp\/v2\/pages\/10127\/revisions"}],"predecessor-version":[{"id":10171,"href":"https:\/\/oygib.az\/tabiat\/wp-json\/wp\/v2\/pages\/10127\/revisions\/10171"}],"wp:attachment":[{"href":"https:\/\/oygib.az\/tabiat\/wp-json\/wp\/v2\/media?parent=10127"}],"curies":[{"name":"wp","href":"https:\/\/api.w.org\/{rel}","templated":true}]}}